{"id":11,"date":"2023-08-17T08:02:53","date_gmt":"2023-08-17T05:02:53","guid":{"rendered":"https:\/\/demosites.royal-elementor-addons.com\/nature-v2\/?page_id=11"},"modified":"2024-04-22T14:07:26","modified_gmt":"2024-04-22T11:07:26","slug":"hakkimizda","status":"publish","type":"page","link":"https:\/\/akdemirenerji.com.tr\/?page_id=11","title":{"rendered":"Hakk\u0131m\u0131zda"},"content":{"rendered":"\t\t<div data-elementor-type=\"wp-page\" data-elementor-id=\"11\" class=\"elementor elementor-11\">\n\t\t\t\t\t\t<section class=\"elementor-section elementor-top-section elementor-element elementor-element-1cf472d elementor-section-full_width elementor-section-stretched elementor-section-height-default elementor-section-height-default wpr-particle-no wpr-jarallax-no wpr-parallax-no wpr-sticky-section-no\" data-id=\"1cf472d\" data-element_type=\"section\" data-settings=\"{&quot;stretch_section&quot;:&quot;section-stretched&quot;}\">\n\t\t\t\t\t\t\t<div class=\"elementor-background-overlay\"><\/div>\n\t\t\t\t\t\t\t<div class=\"elementor-container elementor-column-gap-default\">\n\t\t\t\t\t<div class=\"elementor-column elementor-col-100 elementor-top-column elementor-element elementor-element-d339750\" data-id=\"d339750\" data-element_type=\"column\">\n\t\t\t<div class=\"elementor-widget-wrap elementor-element-populated\">\n\t\t\t\t\t\t<div class=\"elementor-element elementor-element-33ed139 elementor-widget elementor-widget-heading\" data-id=\"33ed139\" data-element_type=\"widget\" data-widget_type=\"heading.default\">\n\t\t\t\t<div class=\"elementor-widget-container\">\n\t\t\t<style>\/*! elementor - v3.20.0 - 26-03-2024 *\/\n.elementor-heading-title{padding:0;margin:0;line-height:1}.elementor-widget-heading .elementor-heading-title[class*=elementor-size-]>a{color:inherit;font-size:inherit;line-height:inherit}.elementor-widget-heading .elementor-heading-title.elementor-size-small{font-size:15px}.elementor-widget-heading .elementor-heading-title.elementor-size-medium{font-size:19px}.elementor-widget-heading .elementor-heading-title.elementor-size-large{font-size:29px}.elementor-widget-heading .elementor-heading-title.elementor-size-xl{font-size:39px}.elementor-widget-heading .elementor-heading-title.elementor-size-xxl{font-size:59px}<\/style><h2 class=\"elementor-heading-title elementor-size-default\">Hakk\u0131m\u0131zda<\/h2>\t\t<\/div>\n\t\t\t\t<\/div>\n\t\t\t\t\t<\/div>\n\t\t<\/div>\n\t\t\t\t\t<\/div>\n\t\t<\/section>\n\t\t\t\t<section class=\"elementor-section elementor-top-section elementor-element elementor-element-39d6be1 elementor-section-full_width elementor-section-height-default elementor-section-height-default wpr-particle-no wpr-jarallax-no wpr-parallax-no wpr-sticky-section-no\" data-id=\"39d6be1\" data-element_type=\"section\">\n\t\t\t\t\t\t<div class=\"elementor-container elementor-column-gap-default\">\n\t\t\t\t\t<div class=\"elementor-column elementor-col-50 elementor-top-column elementor-element elementor-element-0079843\" data-id=\"0079843\" data-element_type=\"column\">\n\t\t\t<div class=\"elementor-widget-wrap elementor-element-populated\">\n\t\t\t\t\t\t<div class=\"elementor-element elementor-element-11f506f elementor-widget elementor-widget-image\" data-id=\"11f506f\" data-element_type=\"widget\" data-widget_type=\"image.default\">\n\t\t\t\t<div class=\"elementor-widget-container\">\n\t\t\t<style>\/*! elementor - v3.20.0 - 26-03-2024 *\/\n.elementor-widget-image{text-align:center}.elementor-widget-image a{display:inline-block}.elementor-widget-image a img[src$=\".svg\"]{width:48px}.elementor-widget-image img{vertical-align:middle;display:inline-block}<\/style>\t\t\t\t\t\t\t\t\t\t<img fetchpriority=\"high\" decoding=\"async\" width=\"960\" height=\"435\" src=\"https:\/\/akdemirenerji.com.tr\/wp-content\/uploads\/2024\/04\/akdemir-manipulasyon-1024x464.png\" class=\"attachment-large size-large wp-image-1483\" alt=\"\" srcset=\"https:\/\/akdemirenerji.com.tr\/wp-content\/uploads\/2024\/04\/akdemir-manipulasyon-1024x464.png 1024w, https:\/\/akdemirenerji.com.tr\/wp-content\/uploads\/2024\/04\/akdemir-manipulasyon-300x136.png 300w, https:\/\/akdemirenerji.com.tr\/wp-content\/uploads\/2024\/04\/akdemir-manipulasyon-768x348.png 768w, https:\/\/akdemirenerji.com.tr\/wp-content\/uploads\/2024\/04\/akdemir-manipulasyon-1536x696.png 1536w, https:\/\/akdemirenerji.com.tr\/wp-content\/uploads\/2024\/04\/akdemir-manipulasyon.png 1621w\" sizes=\"(max-width: 960px) 100vw, 960px\" \/>\t\t\t\t\t\t\t\t\t\t\t\t\t<\/div>\n\t\t\t\t<\/div>\n\t\t\t\t\t<\/div>\n\t\t<\/div>\n\t\t\t\t<div class=\"elementor-column elementor-col-50 elementor-top-column elementor-element elementor-element-7630a78\" data-id=\"7630a78\" data-element_type=\"column\">\n\t\t\t<div class=\"elementor-widget-wrap elementor-element-populated\">\n\t\t\t\t\t\t<div class=\"elementor-element elementor-element-c4b8a63 elementor-widget elementor-widget-text-editor\" data-id=\"c4b8a63\" data-element_type=\"widget\" data-widget_type=\"text-editor.default\">\n\t\t\t\t<div class=\"elementor-widget-container\">\n\t\t\t<style>\/*! elementor - v3.20.0 - 26-03-2024 *\/\n.elementor-widget-text-editor.elementor-drop-cap-view-stacked .elementor-drop-cap{background-color:#69727d;color:#fff}.elementor-widget-text-editor.elementor-drop-cap-view-framed .elementor-drop-cap{color:#69727d;border:3px solid;background-color:transparent}.elementor-widget-text-editor:not(.elementor-drop-cap-view-default) .elementor-drop-cap{margin-top:8px}.elementor-widget-text-editor:not(.elementor-drop-cap-view-default) .elementor-drop-cap-letter{width:1em;height:1em}.elementor-widget-text-editor .elementor-drop-cap{float:left;text-align:center;line-height:1;font-size:50px}.elementor-widget-text-editor .elementor-drop-cap-letter{display:inline-block}<\/style>\t\t\t\t<p>Akdemir Enerji \u0130n\u015faat, 2001 y\u0131l\u0131nda m\u00fcteahhitlik sekt\u00f6r\u00fcnde faaliyet g\u00f6stermek \u00fczere kurulmu\u015f bir firmad\u0131r. Kurulu\u015fumuzdan bug\u00fcne kadar, in\u015faat ve enerji sekt\u00f6rlerindeki faaliyetlerimizi kaliteden \u00f6d\u00fcn vermeden s\u00fcrd\u00fcrmekteyiz.<\/p><p>Ana faaliyet alanlar\u0131m\u0131z aras\u0131nda Hidroelektrik Santraller (HES), R\u00fczgar Enerjisi Santralleri (RES), G\u00fcne\u015f Enerjisi Santralleri (GES), \u00dcst Yap\u0131 \u0130n\u015faat\u0131, Alt Yap\u0131 \u0130n\u015faat\u0131, Yol \u0130n\u015faat\u0131 ve Hafriyat Projeleri yer almaktad\u0131r.<\/p><p><strong>Akdemir Enerji \u0130n\u015faat olarak, her projeyi ba\u015far\u0131yla tamamlayacak teknik ekip, donan\u0131m, makine ve ara\u00e7 park\u0131na sahibiz. M\u00fc\u015fterilerimize en \u00fcst d\u00fczeyde hizmet sunmay\u0131 ve sekt\u00f6rde \u00f6nc\u00fc bir konumda bulunmay\u0131 hedeflemekteyiz.<\/strong><\/p>\t\t\t\t\t\t<\/div>\n\t\t\t\t<\/div>\n\t\t\t\t\t<\/div>\n\t\t<\/div>\n\t\t\t\t\t<\/div>\n\t\t<\/section>\n\t\t\t\t<section class=\"elementor-section elementor-top-section elementor-element elementor-element-77bdde45 elementor-section-full_width elementor-section-stretched elementor-section-height-default elementor-section-height-default wpr-particle-no wpr-jarallax-no wpr-parallax-no wpr-sticky-section-no\" data-id=\"77bdde45\" data-element_type=\"section\" data-settings=\"{&quot;background_background&quot;:&quot;classic&quot;,&quot;stretch_section&quot;:&quot;section-stretched&quot;}\">\n\t\t\t\t\t\t\t<div class=\"elementor-background-overlay\"><\/div>\n\t\t\t\t\t\t\t<div class=\"elementor-container elementor-column-gap-default\">\n\t\t\t\t\t<div class=\"elementor-column elementor-col-100 elementor-top-column elementor-element elementor-element-2b5a84ee\" data-id=\"2b5a84ee\" data-element_type=\"column\">\n\t\t\t<div class=\"elementor-widget-wrap elementor-element-populated\">\n\t\t\t\t\t\t<section class=\"elementor-section elementor-inner-section elementor-element elementor-element-49a5f00b elementor-section-boxed elementor-section-height-default elementor-section-height-default wpr-particle-no wpr-jarallax-no wpr-parallax-no wpr-sticky-section-no\" data-id=\"49a5f00b\" data-element_type=\"section\">\n\t\t\t\t\t\t<div class=\"elementor-container elementor-column-gap-default\">\n\t\t\t\t\t<div class=\"elementor-column elementor-col-50 elementor-inner-column elementor-element elementor-element-6a25a393\" data-id=\"6a25a393\" data-element_type=\"column\">\n\t\t\t<div class=\"elementor-widget-wrap elementor-element-populated\">\n\t\t\t\t\t\t<div class=\"elementor-element elementor-element-6c5e2dcc wpr-promo-box-style-cover elementor-widget elementor-widget-wpr-promo-box\" data-id=\"6c5e2dcc\" data-element_type=\"widget\" data-widget_type=\"wpr-promo-box.default\">\n\t\t\t\t<div class=\"elementor-widget-container\">\n\t\t\t\n\t\t<div class=\"wpr-promo-box wpr-animation-wrap\">\n\n\t\t\t\t\t\t<a class=\"wpr-promo-box-link\" ><\/a>\t\n\t\t\t\t\t\t\t\n\t\t\t\t\t\t\t<div class=\"wpr-promo-box-image\">\n\t\t\t\t\t<div class=\"wpr-promo-box-bg-image wpr-bg-anim-zoom-in wpr-anim-timing-ease-default\" style=\"background-image:url(https:\/\/akdemirenerji.com.tr\/wp-content\/uploads\/2024\/04\/akdemir_web_left.png);\"><\/div>\n\t\t\t\t\t<div class=\"wpr-promo-box-bg-overlay wpr-border-anim-jazz\"><\/div>\n\t\t\t\t<\/div>\n\t\t\t\t\t\t\n\t\t\t<div class=\"wpr-promo-box-content\">\n\n\t\t\t\t\t\t\t\t<div class=\"wpr-promo-box-icon\">\n\t\t\t\t\t\t\t\t\t<\/div>\n\t\t\t\t\n\t\t\t\t<h3 class=\"wpr-promo-box-title\"><span>Vizyonumuz<\/span><\/h3>\n\t\t\t\t\t\t\t\t\t<div class=\"wpr-promo-box-description\">\n\t\t\t\t\t\t<p><p>\u015eirketimiz, Akdemir Enerji olarak, g\u00fcvenli, y\u00fcksek kaliteli ve ekonomik projeler tasarlama, in\u015fa etme ve tamamlama konusundaki uzmanl\u0131\u011f\u0131m\u0131zla tan\u0131n\u0131r\u0131z. Firmalar ve m\u00fc\u015fterilerle birlikte \u00e7al\u0131\u015farak belirlenen i\u015f program\u0131na titizlikle uyar\u0131z. Bu sayede, projelerimizi zaman\u0131nda ve istenilen kalitede tamamlayarak m\u00fc\u015fteri memnuniyetini en \u00fcst seviyede tutar\u0131z.<\/p><\/p>\t\n\t\t\t\t\t<\/div>\t\t\t\t\t\t\n\t\t\t\t\n\t\t\t\t\t\t\t<\/div>\n\n\t\t\t\t\t<\/div>\n\n\t\t\t\t<\/div>\n\t\t\t\t<\/div>\n\t\t\t\t\t<\/div>\n\t\t<\/div>\n\t\t\t\t<div class=\"elementor-column elementor-col-50 elementor-inner-column elementor-element elementor-element-1dacce9\" data-id=\"1dacce9\" data-element_type=\"column\">\n\t\t\t<div class=\"elementor-widget-wrap elementor-element-populated\">\n\t\t\t\t\t\t<div class=\"elementor-element elementor-element-5f15245e wpr-promo-box-style-cover elementor-widget elementor-widget-wpr-promo-box\" data-id=\"5f15245e\" data-element_type=\"widget\" data-widget_type=\"wpr-promo-box.default\">\n\t\t\t\t<div class=\"elementor-widget-container\">\n\t\t\t\n\t\t<div class=\"wpr-promo-box wpr-animation-wrap\">\n\n\t\t\t\t\t\t<a class=\"wpr-promo-box-link\" ><\/a>\t\n\t\t\t\t\t\t\t\n\t\t\t\t\t\t\t<div class=\"wpr-promo-box-image\">\n\t\t\t\t\t<div class=\"wpr-promo-box-bg-image wpr-bg-anim-zoom-in wpr-anim-timing-ease-default\" style=\"background-image:url(https:\/\/akdemirenerji.com.tr\/wp-content\/uploads\/2024\/04\/akdemir_web_right.png);\"><\/div>\n\t\t\t\t\t<div class=\"wpr-promo-box-bg-overlay wpr-border-anim-jazz\"><\/div>\n\t\t\t\t<\/div>\n\t\t\t\t\t\t\n\t\t\t<div class=\"wpr-promo-box-content\">\n\n\t\t\t\t\t\t\t\t<div class=\"wpr-promo-box-icon\">\n\t\t\t\t\t\t\t\t\t<\/div>\n\t\t\t\t\n\t\t\t\t<h2 class=\"wpr-promo-box-title\"><span>Misyonumuz<\/span><\/h2>\n\t\t\t\t\t\t\t\t\t<div class=\"wpr-promo-box-description\">\n\t\t\t\t\t\t<p><p>Misyonumuz, \u00fclke genelinde faaliyet g\u00f6steren m\u00fchendislik, in\u015faat ve enerji firmalar\u0131 aras\u0131nda en iyisi ve en rekabet\u00e7isi olmakt\u0131r. S\u00fcrekli olarak sekt\u00f6rdeki standartlar\u0131 belirleyerek, kalitemiz ve rekabet g\u00fcc\u00fcm\u00fczle \u00f6ne \u00e7\u0131kmak i\u00e7in \u00e7al\u0131\u015f\u0131yoruz.<\/p><\/p>\t\n\t\t\t\t\t<\/div>\t\t\t\t\t\t\n\t\t\t\t\n\t\t\t\t\t\t\t<\/div>\n\n\t\t\t\t\t<\/div>\n\n\t\t\t\t<\/div>\n\t\t\t\t<\/div>\n\t\t\t\t\t<\/div>\n\t\t<\/div>\n\t\t\t\t\t<\/div>\n\t\t<\/section>\n\t\t\t\t\t<\/div>\n\t\t<\/div>\n\t\t\t\t\t<\/div>\n\t\t<\/section>\n\t\t\t\t<section class=\"elementor-section elementor-top-section elementor-element elementor-element-2f8e429 elementor-section-full_width elementor-section-height-default elementor-section-height-default wpr-particle-no wpr-jarallax-no wpr-parallax-no wpr-sticky-section-no\" data-id=\"2f8e429\" data-element_type=\"section\">\n\t\t\t\t\t\t<div class=\"elementor-container elementor-column-gap-default\">\n\t\t\t\t\t<div class=\"elementor-column elementor-col-100 elementor-top-column elementor-element elementor-element-768aae2\" data-id=\"768aae2\" data-element_type=\"column\">\n\t\t\t<div class=\"elementor-widget-wrap elementor-element-populated\">\n\t\t\t\t\t\t<div class=\"elementor-element elementor-element-8c18eea elementor-widget elementor-widget-heading\" data-id=\"8c18eea\" data-element_type=\"widget\" data-widget_type=\"heading.default\">\n\t\t\t\t<div class=\"elementor-widget-container\">\n\t\t\t<h2 class=\"elementor-heading-title elementor-size-default\">Yar\u0131na giden yollar\u0131<br><b>\u00f6zen ile haz\u0131rl\u0131yoruz.<\/h2>\t\t<\/div>\n\t\t\t\t<\/div>\n\t\t\t\t<div class=\"elementor-element elementor-element-a7190cc elementor-widget elementor-widget-spacer\" data-id=\"a7190cc\" data-element_type=\"widget\" data-widget_type=\"spacer.default\">\n\t\t\t\t<div class=\"elementor-widget-container\">\n\t\t\t<style>\/*! elementor - v3.20.0 - 26-03-2024 *\/\n.elementor-column .elementor-spacer-inner{height:var(--spacer-size)}.e-con{--container-widget-width:100%}.e-con-inner>.elementor-widget-spacer,.e-con>.elementor-widget-spacer{width:var(--container-widget-width,var(--spacer-size));--align-self:var(--container-widget-align-self,initial);--flex-shrink:0}.e-con-inner>.elementor-widget-spacer>.elementor-widget-container,.e-con>.elementor-widget-spacer>.elementor-widget-container{height:100%;width:100%}.e-con-inner>.elementor-widget-spacer>.elementor-widget-container>.elementor-spacer,.e-con>.elementor-widget-spacer>.elementor-widget-container>.elementor-spacer{height:100%}.e-con-inner>.elementor-widget-spacer>.elementor-widget-container>.elementor-spacer>.elementor-spacer-inner,.e-con>.elementor-widget-spacer>.elementor-widget-container>.elementor-spacer>.elementor-spacer-inner{height:var(--container-widget-height,var(--spacer-size))}.e-con-inner>.elementor-widget-spacer.elementor-widget-empty,.e-con>.elementor-widget-spacer.elementor-widget-empty{position:relative;min-height:22px;min-width:22px}.e-con-inner>.elementor-widget-spacer.elementor-widget-empty .elementor-widget-empty-icon,.e-con>.elementor-widget-spacer.elementor-widget-empty .elementor-widget-empty-icon{position:absolute;top:0;bottom:0;left:0;right:0;margin:auto;padding:0;width:22px;height:22px}<\/style>\t\t<div class=\"elementor-spacer\">\n\t\t\t<div class=\"elementor-spacer-inner\"><\/div>\n\t\t<\/div>\n\t\t\t\t<\/div>\n\t\t\t\t<\/div>\n\t\t\t\t<div class=\"elementor-element elementor-element-c71b4ed elementor-widget elementor-widget-image\" data-id=\"c71b4ed\" data-element_type=\"widget\" data-widget_type=\"image.default\">\n\t\t\t\t<div class=\"elementor-widget-container\">\n\t\t\t\t\t\t\t\t\t\t\t\t\t<img decoding=\"async\" width=\"2560\" height=\"1225\" src=\"https:\/\/akdemirenerji.com.tr\/wp-content\/uploads\/2024\/04\/vibratory-asphalt-rollers-compactor-compacting-new-asphalt-pavement-road-service-build-new-highwa-1-scaled.jpg\" class=\"attachment-full size-full wp-image-2057\" alt=\"\" srcset=\"https:\/\/akdemirenerji.com.tr\/wp-content\/uploads\/2024\/04\/vibratory-asphalt-rollers-compactor-compacting-new-asphalt-pavement-road-service-build-new-highwa-1-scaled.jpg 2560w, https:\/\/akdemirenerji.com.tr\/wp-content\/uploads\/2024\/04\/vibratory-asphalt-rollers-compactor-compacting-new-asphalt-pavement-road-service-build-new-highwa-1-300x144.jpg 300w, https:\/\/akdemirenerji.com.tr\/wp-content\/uploads\/2024\/04\/vibratory-asphalt-rollers-compactor-compacting-new-asphalt-pavement-road-service-build-new-highwa-1-1024x490.jpg 1024w, https:\/\/akdemirenerji.com.tr\/wp-content\/uploads\/2024\/04\/vibratory-asphalt-rollers-compactor-compacting-new-asphalt-pavement-road-service-build-new-highwa-1-768x367.jpg 768w, https:\/\/akdemirenerji.com.tr\/wp-content\/uploads\/2024\/04\/vibratory-asphalt-rollers-compactor-compacting-new-asphalt-pavement-road-service-build-new-highwa-1-1536x735.jpg 1536w, https:\/\/akdemirenerji.com.tr\/wp-content\/uploads\/2024\/04\/vibratory-asphalt-rollers-compactor-compacting-new-asphalt-pavement-road-service-build-new-highwa-1-2048x980.jpg 2048w\" sizes=\"(max-width: 2560px) 100vw, 2560px\" \/>\t\t\t\t\t\t\t\t\t\t\t\t\t<\/div>\n\t\t\t\t<\/div>\n\t\t\t\t\t<\/div>\n\t\t<\/div>\n\t\t\t\t\t<\/div>\n\t\t<\/section>\n\t\t\t\t<\/div>\n\t\t","protected":false},"excerpt":{"rendered":"<p>Hakk\u0131m\u0131zda Akdemir Enerji \u0130n\u015faat, 2001 y\u0131l\u0131nda m\u00fcteahhitlik sekt\u00f6r\u00fcnde faaliyet g\u00f6stermek \u00fczere kurulmu\u015f bir firmad\u0131r. Kurulu\u015fumuzdan bug\u00fcne kadar, in\u015faat ve enerji sekt\u00f6rlerindeki faaliyetlerimizi kaliteden \u00f6d\u00fcn vermeden s\u00fcrd\u00fcrmekteyiz. Ana faaliyet alanlar\u0131m\u0131z aras\u0131nda Hidroelektrik Santraller (HES), R\u00fczgar Enerjisi Santralleri (RES), G\u00fcne\u015f Enerjisi Santralleri (GES), \u00dcst Yap\u0131 \u0130n\u015faat\u0131, Alt Yap\u0131 \u0130n\u015faat\u0131, Yol \u0130n\u015faat\u0131 ve Hafriyat Projeleri yer almaktad\u0131r. Akdemir [&hellip;]<\/p>\n","protected":false},"author":1,"featured_media":0,"parent":0,"menu_order":0,"comment_status":"closed","ping_status":"closed","template":"","meta":{"footnotes":""},"class_list":["post-11","page","type-page","status-publish","hentry"],"_links":{"self":[{"href":"https:\/\/akdemirenerji.com.tr\/index.php?rest_route=\/wp\/v2\/pages\/11","targetHints":{"allow":["GET"]}}],"collection":[{"href":"https:\/\/akdemirenerji.com.tr\/index.php?rest_route=\/wp\/v2\/pages"}],"about":[{"href":"https:\/\/akdemirenerji.com.tr\/index.php?rest_route=\/wp\/v2\/types\/page"}],"author":[{"embeddable":true,"href":"https:\/\/akdemirenerji.com.tr\/index.php?rest_route=\/wp\/v2\/users\/1"}],"replies":[{"embeddable":true,"href":"https:\/\/akdemirenerji.com.tr\/index.php?rest_route=%2Fwp%2Fv2%2Fcomments&post=11"}],"version-history":[{"count":79,"href":"https:\/\/akdemirenerji.com.tr\/index.php?rest_route=\/wp\/v2\/pages\/11\/revisions"}],"predecessor-version":[{"id":2066,"href":"https:\/\/akdemirenerji.com.tr\/index.php?rest_route=\/wp\/v2\/pages\/11\/revisions\/2066"}],"wp:attachment":[{"href":"https:\/\/akdemirenerji.com.tr\/index.php?rest_route=%2Fwp%2Fv2%2Fmedia&parent=11"}],"curies":[{"name":"wp","href":"https:\/\/api.w.org\/{rel}","templated":true}]}}